-- https://www.phpmyadmin.net/
--

START TRANSACTION;



-- --------------------------------------------------------

--
-- Table structure for table `dimensi`
--

CREATE TABLE `dimensi` (
  `id_dimensi` int NOT NULL,
  `nama_dimensi` varchar(100) COLLATE utf8mb4_general_ci NOT NULL
) ENGINE=InnoDB DEFAULT CHARSET=utf8mb4 COLLATE=utf8mb4_general_ci;

--
-- Dumping data for table `dimensi`
--

INSERT INTO `dimensi` (`id_dimensi`, `nama_dimensi`) VALUES
(1, 'Tangible'),
(2, 'Responsiveness'),
(3, 'Realibility'),
(4, 'Assurance'),
(5, 'Empathy');

-- --------------------------------------------------------

--
-- Table structure for table `keluhan`
--

CREATE TABLE `keluhan` (
  `id_keluhan` int NOT NULL,
  `id_pengguna` int NOT NULL,
  `tanggal` datetime NOT NULL,
  `keluhan` mediumtext COLLATE utf8mb4_general_ci NOT NULL,
  `harapan` mediumtext COLLATE utf8mb4_general_ci NOT NULL,
  `balasan` mediumtext CHARACTER SET utf8mb4 COLLATE utf8mb4_general_ci NOT NULL,
  `status_admin` int DEFAULT NULL,
  `status_pengguna` int DEFAULT NULL
) ENGINE=InnoDB DEFAULT CHARSET=utf8mb4 COLLATE=utf8mb4_general_ci;

-- --------------------------------------------------------

--
-- Table structure for table `kuesioner`
--

CREATE TABLE `kuesioner` (
  `id_kuesioner` int NOT NULL,
  `tanggal` date NOT NULL,
  `id_pengguna` int NOT NULL,
  `id_pernyataan` int NOT NULL,
  `jawaban` varchar(20) COLLATE utf8mb4_general_ci NOT NULL,
  `harapan` varchar(10) COLLATE utf8mb4_general_ci NOT NULL
) ENGINE=InnoDB DEFAULT CHARSET=utf8mb4 COLLATE=utf8mb4_general_ci;

--
-- Dumping data for table `kuesioner`
--

INSERT INTO `kuesioner` (`id_kuesioner`, `tanggal`, `id_pengguna`, `id_pernyataan`, `jawaban`, `harapan`) VALUES
(1, '2026-05-01', 1, 1, '4', '2'),
(2, '2026-05-01', 1, 2, '4', '3'),
(3, '2026-05-01', 1, 3, '4', '1'),
(4, '2026-05-01', 1, 4, '4', '2'),
(5, '2026-05-01', 1, 5, '4', '4'),
(6, '2026-05-01', 1, 6, '4', '3'),
(7, '2026-05-01', 1, 7, '3', '3'),
(8, '2026-05-01', 1, 8, '3', '1'),
(9, '2026-05-01', 1, 9, '3', '2'),
(10, '2026-05-01', 1, 10, '3', '3'),
(11, '2026-05-01', 1, 11, '4', '3'),
(12, '2026-05-01', 1, 12, '3', '3'),
(13, '2026-05-01', 2, 1, '2', '3'),
(14, '2026-05-01', 2, 2, '3', '3'),
(15, '2026-05-01', 2, 3, '3', '3'),
(16, '2026-05-01', 2, 4, '4', '1'),
(17, '2026-05-01', 2, 5, '3', '2'),
(18, '2026-05-01', 2, 6, '4', '1'),
(19, '2026-05-01', 2, 7, '4', '1'),
(20, '2026-05-01', 2, 8, '4', '2'),
(21, '2026-05-01', 2, 9, '4', '2'),
(22, '2026-05-01', 2, 10, '2', '2'),
(23, '2026-05-01', 2, 11, '3', '2'),
(24, '2026-05-01', 2, 12, '3', '3'),
(25, '2026-05-02', 3, 1, '4', '4'),
(26, '2026-05-02', 3, 2, '3', '2'),
(27, '2026-05-02', 3, 3, '4', '2'),
(28, '2026-05-02', 3, 4, '3', '4'),
(29, '2026-05-02', 3, 5, '4', '1'),
(30, '2026-05-02', 3, 6, '3', '3'),
(31, '2026-05-02', 3, 7, '3', '3'),
(32, '2026-05-02', 3, 8, '3', '3'),
(33, '2026-05-02', 3, 9, '4', '2'),
(34, '2026-05-02', 3, 10, '3', '3'),
(35, '2026-05-02', 3, 11, '4', '1'),
(36, '2026-05-02', 3, 12, '3', '1'),
(37, '2026-05-02', 4, 1, '2', '2'),
(38, '2026-05-02', 4, 2, '1', '1'),
(39, '2026-05-02', 4, 3, '2', '3'),
(40, '2026-05-02', 4, 4, '2', '1'),
(41, '2026-05-02', 4, 5, '2', '2'),
(42, '2026-05-02', 4, 6, '1', '1'),
(43, '2026-05-02', 4, 7, '1', '1'),
(44, '2026-05-02', 4, 8, '2', '2'),
(45, '2026-05-02', 4, 9, '2', '2'),
(46, '2026-05-02', 4, 10, '2', '2'),
(47, '2026-05-02', 4, 11, '2', '2'),
(48, '2026-05-02', 4, 12, '3', '2'),
(49, '2026-05-03', 5, 1, '4', '3'),
(50, '2026-05-03', 5, 2, '4', '3'),
(51, '2026-05-03', 5, 3, '4', '4'),
(52, '2026-05-03', 5, 4, '4', '2'),
(53, '2026-05-03', 5, 5, '4', '1'),
(54, '2026-05-03', 5, 6, '3', '3'),
(55, '2026-05-03', 5, 7, '4', '2'),
(56, '2026-05-03', 5, 8, '3', '3'),
(57, '2026-05-03', 5, 9, '4', '4'),
(58, '2026-05-03', 5, 10, '4', '3'),
(59, '2026-05-03', 5, 11, '4', '4'),
(60, '2026-05-03', 5, 12, '3', '1'),
(61, '2026-05-03', 6, 1, '4', '1'),
(62, '2026-05-03', 6, 2, '3', '2'),
(63, '2026-05-03', 6, 3, '4', '3'),
(64, '2026-05-03', 6, 4, '2', '1'),
(65, '2026-05-03', 6, 5, '2', '2'),
(66, '2026-05-03', 6, 6, '3', '2'),
(67, '2026-05-03', 6, 7, '3', '1'),
(68, '2026-05-03', 6, 8, '2', '2'),
(69, '2026-05-03', 6, 9, '4', '1'),
(70, '2026-05-03', 6, 10, '4', '2'),
(71, '2026-05-03', 6, 11, '2', '2'),
(72, '2026-05-03', 6, 12, '4', '4'),
(73, '2026-05-04', 7, 1, '4', '4'),
(74, '2026-05-04', 7, 2, '4', '2'),
(75, '2026-05-04', 7, 3, '4', '4'),
(76, '2026-05-04', 7, 4, '2', '4'),
(77, '2026-05-04', 7, 5, '4', '2'),
(78, '2026-05-04', 7, 6, '3', '3'),
(79, '2026-05-04', 7, 7, '4', '3'),
(80, '2026-05-04', 7, 8, '3', '3'),
(81, '2026-05-04', 7, 9, '4', '3'),
(82, '2026-05-04', 7, 10, '3', '4'),
(83, '2026-05-04', 7, 11, '4', '4'),
(84, '2026-05-04', 7, 12, '4', '4'),
(85, '2026-05-04', 8, 1, '3', '1'),
(86, '2026-05-04', 8, 2, '3', '1'),
(87, '2026-05-04', 8, 3, '3', '3'),
(88, '2026-05-04', 8, 4, '1', '1'),
(89, '2026-05-04', 8, 5, '2', '2'),
(90, '2026-05-04', 8, 6, '1', '1'),
(91, '2026-05-04', 8, 7, '1', '1'),
(92, '2026-05-04', 8, 8, '2', '2'),
(93, '2026-05-04', 8, 9, '2', '2'),
(94, '2026-05-04', 8, 10, '2', '2'),
(95, '2026-05-04', 8, 11, '2', '2'),
(96, '2026-05-04', 8, 12, '2', '1'),
(97, '2026-05-05', 9, 1, '4', '3'),
(98, '2026-05-05', 9, 2, '4', '2'),
(99, '2026-05-05', 9, 3, '4', '4'),
(100, '2026-05-05', 9, 4, '4', '3'),
(101, '2026-05-05', 9, 5, '4', '1'),
(102, '2026-05-05', 9, 6, '3', '3'),
(103, '2026-05-05', 9, 7, '3', '2'),
(104, '2026-05-05', 9, 8, '3', '1'),
(105, '2026-05-05', 9, 9, '4', '4'),
(106, '2026-05-05', 9, 10, '4', '4'),
(107, '2026-05-05', 9, 11, '4', '4'),
(108, '2026-05-05', 9, 12, '1', '1'),
(109, '2026-05-05', 10, 1, '4', '1'),
(110, '2026-05-05', 10, 2, '1', '2'),
(111, '2026-05-05', 10, 3, '3', '3'),
(112, '2026-05-05', 10, 4, '4', '1'),
(113, '2026-05-05', 10, 5, '2', '2'),
(114, '2026-05-05', 10, 6, '3', '1'),
(115, '2026-05-05', 10, 7, '1', '1'),
(116, '2026-05-05', 10, 8, '2', '2'),
(117, '2026-05-05', 10, 9, '2', '2'),
(118, '2026-05-05', 10, 10, '2', '2'),
(119, '2026-05-05', 10, 11, '2', '2'),
(120, '2026-05-05', 10, 12, '1', '1'),
(121, '2026-05-06', 11, 1, '4', '2'),
(122, '2026-05-06', 11, 2, '4', '4'),
(123, '2026-05-06', 11, 3, '3', '3'),
(124, '2026-05-06', 11, 4, '4', '1'),
(125, '2026-05-06', 11, 5, '3', '3'),
(126, '2026-05-06', 11, 6, '4', '2'),
(127, '2026-05-06', 11, 7, '3', '2'),
(128, '2026-05-06', 11, 8, '3', '3'),
(129, '2026-05-06', 11, 9, '4', '4'),
(130, '2026-05-06', 11, 10, '3', '4'),
(131, '2026-05-06', 11, 11, '4', '4'),
(132, '2026-05-06', 11, 12, '3', '2'),
(133, '2026-05-06', 12, 1, '3', '3'),
(134, '2026-05-06', 12, 2, '4', '3'),
(135, '2026-05-06', 12, 3, '3', '3'),
(136, '2026-05-06', 12, 4, '4', '1'),
(137, '2026-05-06', 12, 5, '2', '2'),
(138, '2026-05-06', 12, 6, '2', '1'),
(139, '2026-05-06', 12, 7, '4', '1'),
(140, '2026-05-06', 12, 8, '2', '2'),
(141, '2026-05-06', 12, 9, '4', '2'),
(142, '2026-05-06', 12, 10, '2', '2'),
(143, '2026-05-06', 12, 11, '4', '2'),
(144, '2026-05-06', 12, 12, '4', '4'),
(145, '2026-05-07', 13, 1, '4', '3'),
(146, '2026-05-07', 13, 2, '2', '3'),
(147, '2026-05-07', 13, 3, '4', '4'),
(148, '2026-05-07', 13, 4, '4', '4'),
(149, '2026-05-07', 13, 5, '2', '4'),
(150, '2026-05-07', 13, 6, '3', '3'),
(151, '2026-05-07', 13, 7, '4', '3'),
(152, '2026-05-07', 13, 8, '4', '2'),
(153, '2026-05-07', 13, 9, '4', '4'),
(154, '2026-05-07', 13, 10, '4', '4'),
(155, '2026-05-07', 13, 11, '4', '4'),
(156, '2026-05-07', 13, 12, '3', '1'),
(157, '2026-05-07', 14, 1, '3', '3'),
(158, '2026-05-07', 14, 2, '1', '1'),
(159, '2026-05-07', 14, 3, '3', '3'),
(160, '2026-05-07', 14, 4, '4', '1'),
(161, '2026-05-07', 14, 5, '2', '2'),
(162, '2026-05-07', 14, 6, '4', '1'),
(163, '2026-05-07', 14, 7, '4', '2'),
(164, '2026-05-07', 14, 8, '2', '2'),
(165, '2026-05-07', 14, 9, '3', '2'),
(166, '2026-05-07', 14, 10, '4', '2'),
(167, '2026-05-07', 14, 11, '4', '2'),
(168, '2026-05-07', 14, 12, '2', '3'),
(169, '2026-05-08', 15, 1, '4', '4'),
(170, '2026-05-08', 15, 2, '4', '3'),
(171, '2026-05-08', 15, 3, '4', '3'),
(172, '2026-05-08', 15, 4, '4', '4'),
(173, '2026-05-08', 15, 5, '4', '3'),
(174, '2026-05-08', 15, 6, '3', '3'),
(175, '2026-05-08', 15, 7, '3', '3'),
(176, '2026-05-08', 15, 8, '3', '3'),
(177, '2026-05-08', 15, 9, '4', '4'),
(178, '2026-05-08', 15, 10, '4', '4'),
(179, '2026-05-08', 15, 11, '4', '4'),
(180, '2026-05-08', 15, 12, '3', '3'),
(181, '2026-05-08', 16, 1, '4', '1'),
(182, '2026-05-08', 16, 2, '2', '2'),
(183, '2026-05-08', 16, 3, '3', '3'),
(184, '2026-05-08', 16, 4, '3', '2'),
(185, '2026-05-08', 16, 5, '2', '2'),
(186, '2026-05-08', 16, 6, '4', '1'),
(187, '2026-05-08', 16, 7, '4', '1'),
(188, '2026-05-08', 16, 8, '2', '2'),
(189, '2026-05-08', 16, 9, '3', '2'),
(190, '2026-05-08', 16, 10, '2', '2'),
(191, '2026-05-08', 16, 11, '3', '2'),
(192, '2026-05-08', 16, 12, '3', '3'),
(193, '2026-05-09', 17, 1, '4', '3'),
(194, '2026-05-09', 17, 2, '4', '4'),
(195, '2026-05-09', 17, 3, '3', '4'),
(196, '2026-05-09', 17, 4, '4', '3'),
(197, '2026-05-09', 17, 5, '3', '4'),
(198, '2026-05-09', 17, 6, '3', '2'),
(199, '2026-05-09', 17, 7, '3', '2'),
(200, '2026-05-09', 17, 8, '3', '3'),
(201, '2026-05-09', 17, 9, '4', '1'),
(202, '2026-05-09', 17, 10, '4', '1'),
(203, '2026-05-09', 17, 11, '4', '1'),
(204, '2026-05-09', 17, 12, '2', '3'),
(205, '2026-05-09', 18, 1, '3', '2'),
(206, '2026-05-09', 18, 2, '3', '2'),
(207, '2026-05-09', 18, 3, '3', '3'),
(208, '2026-05-09', 18, 4, '1', '1'),
(209, '2026-05-09', 18, 5, '2', '2'),
(210, '2026-05-09', 18, 6, '1', '1'),
(211, '2026-05-09', 18, 7, '1', '1'),
(212, '2026-05-09', 18, 8, '2', '2'),
(213, '2026-05-09', 18, 9, '2', '2'),
(214, '2026-05-09', 18, 10, '2', '2'),
(215, '2026-05-09', 18, 11, '2', '2'),
(216, '2026-05-09', 18, 12, '3', '3'),
(217, '2026-05-10', 19, 1, '3', '3'),
(218, '2026-05-10', 19, 2, '3', '4'),
(219, '2026-05-10', 19, 3, '4', '4'),
(220, '2026-05-10', 19, 4, '4', '4'),
(221, '2026-05-10', 19, 5, '4', '3'),
(222, '2026-05-10', 19, 6, '3', '3'),
(223, '2026-05-10', 19, 7, '3', '3'),
(224, '2026-05-10', 19, 8, '4', '3'),
(225, '2026-05-10', 19, 9, '4', '4'),
(226, '2026-05-10', 19, 10, '4', '4'),
(227, '2026-05-10', 19, 11, '4', '4'),
(228, '2026-05-10', 19, 12, '3', '1'),
(229, '2026-05-10', 20, 1, '3', '1'),
(230, '2026-05-10', 20, 2, '1', '3'),
(231, '2026-05-10', 20, 3, '3', '3'),
(232, '2026-05-10', 20, 4, '1', '1'),
(233, '2026-05-10', 20, 5, '2', '2'),
(234, '2026-05-10', 20, 6, '1', '2'),
(235, '2026-05-10', 20, 7, '4', '1'),
(236, '2026-05-10', 20, 8, '2', '1'),
(237, '2026-05-10', 20, 9, '3', '2'),
(238, '2026-05-10', 20, 10, '3', '2'),
(239, '2026-05-10', 20, 11, '3', '2'),
(240, '2026-05-10', 20, 12, '4', '4'),
(241, '2026-05-11', 21, 1, '4', '3'),
(242, '2026-05-11', 21, 2, '3', '4'),
(243, '2026-05-11', 21, 3, '3', '2'),
(244, '2026-05-11', 21, 4, '4', '2'),
(245, '2026-05-11', 21, 5, '3', '2'),
(246, '2026-05-11', 21, 6, '3', '3'),
(247, '2026-05-11', 21, 7, '3', '1'),
(248, '2026-05-11', 21, 8, '3', '3'),
(249, '2026-05-11', 21, 9, '4', '4'),
(250, '2026-05-11', 21, 10, '4', '3'),
(251, '2026-05-11', 21, 11, '4', '4'),
(252, '2026-05-11', 21, 12, '2', '2'),
(253, '2026-05-11', 22, 1, '3', '1'),
(254, '2026-05-11', 22, 2, '2', '1'),
(255, '2026-05-11', 22, 3, '3', '3'),
(256, '2026-05-11', 22, 4, '4', '1'),
(257, '2026-05-11', 22, 5, '2', '2'),
(258, '2026-05-11', 22, 6, '4', '1'),
(259, '2026-05-11', 22, 7, '4', '2'),
(260, '2026-05-11', 22, 8, '2', '2'),
(261, '2026-05-11', 22, 9, '3', '2'),
(262, '2026-05-11', 22, 10, '3', '2'),
(263, '2026-05-11', 22, 11, '2', '2'),
(264, '2026-05-11', 22, 12, '4', '4'),
(265, '2026-05-12', 23, 1, '3', '4'),
(266, '2026-05-12', 23, 2, '4', '3'),
(267, '2026-05-12', 23, 3, '4', '4'),
(268, '2026-05-12', 23, 4, '3', '4'),
(269, '2026-05-12', 23, 5, '4', '3'),
(270, '2026-05-12', 23, 6, '3', '3'),
(271, '2026-05-12', 23, 7, '3', '3'),
(272, '2026-05-12', 23, 8, '3', '3'),
(273, '2026-05-12', 23, 9, '4', '4'),
(274, '2026-05-12', 23, 10, '4', '3'),
(275, '2026-05-12', 23, 11, '4', '3'),
(276, '2026-05-12', 23, 12, '4', '4'),
(277, '2026-05-12', 24, 1, '2', '2'),
(278, '2026-05-12', 24, 2, '2', '2'),
(279, '2026-05-12', 24, 3, '3', '3'),
(280, '2026-05-12', 24, 4, '1', '1'),
(281, '2026-05-12', 24, 5, '2', '2'),
(282, '2026-05-12', 24, 6, '4', '3'),
(283, '2026-05-12', 24, 7, '4', '1'),
(284, '2026-05-12', 24, 8, '2', '2'),
(285, '2026-05-12', 24, 9, '3', '1'),
(286, '2026-05-12', 24, 10, '4', '2'),
(287, '2026-05-12', 24, 11, '2', '2'),
(288, '2026-05-12', 24, 12, '3', '3'),
(289, '2026-05-13', 25, 1, '3', '4'),
(290, '2026-05-13', 25, 2, '4', '2'),
(291, '2026-05-13', 25, 3, '4', '4'),
(292, '2026-05-13', 25, 4, '4', '4'),
(293, '2026-05-13', 25, 5, '3', '2'),
(294, '2026-05-13', 25, 6, '3', '3'),
(295, '2026-05-13', 25, 7, '3', '3'),
(296, '2026-05-13', 25, 8, '3', '3'),
(297, '2026-05-13', 25, 9, '4', '3'),
(298, '2026-05-13', 25, 10, '4', '4'),
(299, '2026-05-13', 25, 11, '4', '4'),
(300, '2026-05-13', 25, 12, '3', '4'),
(301, '2026-05-13', 26, 1, '1', '2'),
(302, '2026-05-13', 26, 2, '3', '1'),
(303, '2026-05-13', 26, 3, '3', '3'),
(304, '2026-05-13', 26, 4, '1', '1'),
(305, '2026-05-13', 26, 5, '2', '1'),
(306, '2026-05-13', 26, 6, '2', '1'),
(307, '2026-05-13', 26, 7, '1', '1'),
(308, '2026-05-13', 26, 8, '1', '2'),
(309, '2026-05-13', 26, 9, '2', '2'),
(310, '2026-05-13', 26, 10, '2', '2'),
(311, '2026-05-13', 26, 11, '2', '2'),
(312, '2026-05-13', 26, 12, '4', '3'),
(313, '2026-05-14', 27, 1, '3', '3'),
(314, '2026-05-14', 27, 2, '4', '4'),
(315, '2026-05-14', 27, 3, '4', '4'),
(316, '2026-05-14', 27, 4, '4', '3'),
(317, '2026-05-14', 27, 5, '4', '4'),
(318, '2026-05-14', 27, 6, '3', '2'),
(319, '2026-05-14', 27, 7, '3', '2'),
(320, '2026-05-14', 27, 8, '3', '2'),
(321, '2026-05-14', 27, 9, '4', '4'),
(322, '2026-05-14', 27, 10, '3', '3'),
(323, '2026-05-14', 27, 11, '4', '4'),
(324, '2026-05-14', 27, 12, '4', '3'),
(325, '2026-05-14', 28, 1, '4', '2'),
(326, '2026-05-14', 28, 2, '3', '2'),
(327, '2026-05-14', 28, 3, '3', '3'),
(328, '2026-05-14', 28, 4, '4', '1'),
(329, '2026-05-14', 28, 5, '2', '2'),
(330, '2026-05-14', 28, 6, '3', '1'),
(331, '2026-05-14', 28, 7, '2', '1'),
(332, '2026-05-14', 28, 8, '3', '2'),
(333, '2026-05-14', 28, 9, '3', '2'),
(334, '2026-05-14', 28, 10, '3', '2'),
(335, '2026-05-14', 28, 11, '2', '2'),
(336, '2026-05-14', 28, 12, '3', '4'),
(337, '2026-05-15', 29, 1, '4', '4'),
(338, '2026-05-15', 29, 2, '3', '2'),
(339, '2026-05-15', 29, 3, '4', '3'),
(340, '2026-05-15', 29, 4, '4', '2'),
(341, '2026-05-15', 29, 5, '3', '4'),
(342, '2026-05-15', 29, 6, '3', '2'),
(343, '2026-05-15', 29, 7, '3', '3'),
(344, '2026-05-15', 29, 8, '3', '2'),
(345, '2026-05-15', 29, 9, '4', '4'),
(346, '2026-05-15', 29, 10, '3', '4'),
(347, '2026-05-15', 29, 11, '3', '4'),
(348, '2026-05-15', 29, 12, '4', '3'),
(349, '2026-05-15', 30, 1, '2', '3'),
(350, '2026-05-15', 30, 2, '4', '3'),
(351, '2026-05-15', 30, 3, '3', '3'),
(352, '2026-05-15', 30, 4, '4', '1'),
(353, '2026-05-15', 30, 5, '2', '2'),
(354, '2026-05-15', 30, 6, '3', '1'),
(355, '2026-05-15', 30, 7, '4', '1'),
(356, '2026-05-15', 30, 8, '4', '2'),
(357, '2026-05-15', 30, 9, '4', '2'),
(358, '2026-05-15', 30, 10, '2', '2'),
(359, '2026-05-15', 30, 11, '2', '2'),
(360, '2026-05-15', 30, 12, '3', '4'),
(361, '2026-05-16', 31, 1, '4', '3'),
(362, '2026-05-16', 31, 2, '2', '3'),
(363, '2026-05-16', 31, 3, '4', '1'),
(364, '2026-05-16', 31, 4, '4', '1'),
(365, '2026-05-16', 31, 5, '2', '3'),
(366, '2026-05-16', 31, 6, '3', '3'),
(367, '2026-05-16', 31, 7, '3', '3'),
(368, '2026-05-16', 31, 8, '3', '2'),
(369, '2026-05-16', 31, 9, '3', '4'),
(370, '2026-05-16', 31, 10, '4', '4'),
(371, '2026-05-16', 31, 11, '4', '4'),
(372, '2026-05-16', 31, 12, '4', '4'),
(373, '2026-05-16', 32, 1, '2', '2'),
(374, '2026-05-16', 32, 2, '4', '1'),
(375, '2026-05-16', 32, 3, '3', '3'),
(376, '2026-05-16', 32, 4, '4', '1'),
(377, '2026-05-16', 32, 5, '3', '2'),
(378, '2026-05-16', 32, 6, '3', '1'),
(379, '2026-05-16', 32, 7, '3', '2'),
(380, '2026-05-16', 32, 8, '2', '2'),
(381, '2026-05-16', 32, 9, '2', '2'),
(382, '2026-05-16', 32, 10, '2', '2'),
(383, '2026-05-16', 32, 11, '2', '2'),
(384, '2026-05-16', 32, 12, '4', '4'),
(385, '2026-05-17', 33, 1, '3', '4'),
(386, '2026-05-17', 33, 2, '4', '3'),
(387, '2026-05-17', 33, 3, '4', '3'),
(388, '2026-05-17', 33, 4, '4', '4'),
(389, '2026-05-17', 33, 5, '4', '3'),
(390, '2026-05-17', 33, 6, '3', '2'),
(391, '2026-05-17', 33, 7, '3', '3'),
(392, '2026-05-17', 33, 8, '3', '2'),
(393, '2026-05-17', 33, 9, '4', '4'),
(394, '2026-05-17', 33, 10, '4', '2'),
(395, '2026-05-17', 33, 11, '4', '2'),
(396, '2026-05-17', 33, 12, '4', '4'),
(397, '2026-05-17', 34, 1, '2', '2'),
(398, '2026-05-17', 34, 2, '3', '2'),
(399, '2026-05-17', 34, 3, '3', '3'),
(400, '2026-05-17', 34, 4, '1', '3'),
(401, '2026-05-17', 34, 5, '2', '2'),
(402, '2026-05-17', 34, 6, '3', '1'),
(403, '2026-05-17', 34, 7, '3', '1'),
(404, '2026-05-17', 34, 8, '4', '2'),
(405, '2026-05-17', 34, 9, '4', '2'),
(406, '2026-05-17', 34, 10, '4', '2'),
(407, '2026-05-17', 34, 11, '2', '2'),
(408, '2026-05-17', 34, 12, '3', '4'),
(409, '2026-05-18', 35, 1, '4', '3'),
(410, '2026-05-18', 35, 2, '4', '2'),
(411, '2026-05-18', 35, 3, '3', '2'),
(412, '2026-05-18', 35, 4, '4', '3'),
(413, '2026-05-18', 35, 5, '4', '2'),
(414, '2026-05-18', 35, 6, '3', '3'),
(415, '2026-05-18', 35, 7, '3', '1'),
(416, '2026-05-18', 35, 8, '3', '3'),
(417, '2026-05-18', 35, 9, '4', '4'),
(418, '2026-05-18', 35, 10, '4', '4'),
(419, '2026-05-18', 35, 11, '4', '4'),
(420, '2026-05-18', 35, 12, '3', '4'),
(421, '2026-05-18', 36, 1, '3', '3'),
(422, '2026-05-18', 36, 2, '3', '2'),
(423, '2026-05-18', 36, 3, '3', '3'),
(424, '2026-05-18', 36, 4, '1', '1'),
(425, '2026-05-18', 36, 5, '2', '2'),
(426, '2026-05-18', 36, 6, '4', '1'),
(427, '2026-05-18', 36, 7, '3', '1'),
(428, '2026-05-18', 36, 8, '4', '2'),
(429, '2026-05-18', 36, 9, '2', '2'),
(430, '2026-05-18', 36, 10, '3', '2'),
(431, '2026-05-18', 36, 11, '2', '2'),
(432, '2026-05-18', 36, 12, '4', '4'),
(433, '2026-05-19', 37, 1, '3', '3'),
(434, '2026-05-19', 37, 2, '3', '4'),
(435, '2026-05-19', 37, 3, '4', '3'),
(436, '2026-05-19', 37, 4, '4', '4'),
(437, '2026-05-19', 37, 5, '3', '3'),
(438, '2026-05-19', 37, 6, '3', '2'),
(439, '2026-05-19', 37, 7, '3', '3'),
(440, '2026-05-19', 37, 8, '2', '1'),
(441, '2026-05-19', 37, 9, '4', '4'),
(442, '2026-05-19', 37, 10, '4', '2'),
(443, '2026-05-19', 37, 11, '4', '4'),
(444, '2026-05-19', 37, 12, '3', '2'),
(445, '2026-05-19', 38, 1, '4', '3'),
(446, '2026-05-19', 38, 2, '3', '3'),
(447, '2026-05-19', 38, 3, '3', '3'),
(448, '2026-05-19', 38, 4, '4', '1'),
(449, '2026-05-19', 38, 5, '2', '2'),
(450, '2026-05-19', 38, 6, '4', '2'),
(451, '2026-05-19', 38, 7, '2', '1'),
(452, '2026-05-19', 38, 8, '4', '1'),
(453, '2026-05-19', 38, 9, '4', '2'),
(454, '2026-05-19', 38, 10, '4', '2'),
(455, '2026-05-19', 38, 11, '3', '2'),
(456, '2026-05-19', 38, 12, '3', '3'),
(457, '2026-05-20', 39, 1, '4', '4'),
(458, '2026-05-20', 39, 2, '3', '2'),
(459, '2026-05-20', 39, 3, '3', '4'),
(460, '2026-05-20', 39, 4, '4', '4'),
(461, '2026-05-20', 39, 5, '3', '2'),
(462, '2026-05-20', 39, 6, '4', '1'),
(463, '2026-05-20', 39, 7, '4', '3'),
(464, '2026-05-20', 39, 8, '4', '2'),
(465, '2026-05-20', 39, 9, '4', '2'),
(466, '2026-05-20', 39, 10, '4', '1'),
(467, '2026-05-20', 39, 11, '4', '3'),
(468, '2026-05-20', 39, 12, '4', '2'),
(469, '2026-05-20', 40, 1, '2', '1'),
(470, '2026-05-20', 40, 2, '2', '1'),
(471, '2026-05-20', 40, 3, '3', '3'),
(472, '2026-05-20', 40, 4, '3', '1'),
(473, '2026-05-20', 40, 5, '4', '2'),
(474, '2026-05-20', 40, 6, '4', '1'),
(475, '2026-05-20', 40, 7, '4', '1'),
(476, '2026-05-20', 40, 8, '3', '2'),
(477, '2026-05-20', 40, 9, '4', '2'),
(478, '2026-05-20', 40, 10, '2', '2'),
(479, '2026-05-20', 40, 11, '4', '2'),
(480, '2026-05-20', 40, 12, '4', '4'),
(481, '2026-05-21', 41, 1, '3', '4'),
(482, '2026-05-21', 41, 2, '4', '2'),
(483, '2026-05-21', 41, 3, '4', '1'),
(484, '2026-05-21', 41, 4, '3', '2'),
(485, '2026-05-21', 41, 5, '4', '3'),
(486, '2026-05-21', 41, 6, '3', '3'),
(487, '2026-05-21', 41, 7, '3', '2'),
(488, '2026-05-21', 41, 8, '3', '3'),
(489, '2026-05-21', 41, 9, '4', '1'),
(490, '2026-05-21', 41, 10, '4', '1'),
(491, '2026-05-21', 41, 11, '4', '1'),
(492, '2026-05-21', 41, 12, '3', '3'),
(493, '2026-05-21', 42, 1, '3', '1'),
(494, '2026-05-21', 42, 2, '2', '2'),
(495, '2026-05-21', 42, 3, '4', '1'),
(496, '2026-05-21', 42, 4, '3', '1'),
(497, '2026-05-21', 42, 5, '4', '2'),
(498, '2026-05-21', 42, 6, '1', '3'),
(499, '2026-05-21', 42, 7, '4', '3'),
(500, '2026-05-21', 42, 8, '2', '2'),
(501, '2026-05-21', 42, 9, '2', '1'),
(502, '2026-05-21', 42, 10, '4', '1'),
(503, '2026-05-21', 42, 11, '4', '2'),
(504, '2026-05-21', 42, 12, '4', '2'),
(505, '2026-05-22', 43, 1, '3', '4'),
(506, '2026-05-22', 43, 2, '4', '1'),
(507, '2026-05-22', 43, 3, '3', '1'),
(508, '2026-05-22', 43, 4, '4', '4'),
(509, '2026-05-22', 43, 5, '3', '1'),
(510, '2026-05-22', 43, 6, '3', '1'),
(511, '2026-05-22', 43, 7, '3', '1'),
(512, '2026-05-22', 43, 8, '3', '1'),
(513, '2026-05-22', 43, 9, '4', '2'),
(514, '2026-05-22', 43, 10, '4', '1'),
(515, '2026-05-22', 43, 11, '4', '1'),
(516, '2026-05-22', 43, 12, '3', '3'),
(517, '2026-05-22', 44, 1, '3', '2'),
(518, '2026-05-22', 44, 2, '4', '2'),
(519, '2026-05-22', 44, 3, '4', '1'),
(520, '2026-05-22', 44, 4, '1', '1'),
(521, '2026-05-22', 44, 5, '3', '2'),
(522, '2026-05-22', 44, 6, '3', '1'),
(523, '2026-05-22', 44, 7, '4', '1'),
(524, '2026-05-22', 44, 8, '4', '2'),
(525, '2026-05-22', 44, 9, '3', '2'),
(526, '2026-05-22', 44, 10, '3', '2'),
(527, '2026-05-22', 44, 11, '2', '2'),
(528, '2026-05-22', 44, 12, '4', '4'),
(529, '2026-05-23', 45, 1, '4', '4'),
(530, '2026-05-23', 45, 2, '2', '2'),
(531, '2026-05-23', 45, 3, '4', '4'),
(532, '2026-05-23', 45, 4, '4', '4'),
(533, '2026-05-23', 45, 5, '2', '2'),
(534, '2026-05-23', 45, 6, '3', '1'),
(535, '2026-05-23', 45, 7, '3', '1'),
(536, '2026-05-23', 45, 8, '3', '3'),
(537, '2026-05-23', 45, 9, '3', '1'),
(538, '2026-05-23', 45, 10, '4', '1'),
(539, '2026-05-23', 45, 11, '4', '1'),
(540, '2026-05-23', 45, 12, '4', '2'),
(541, '2026-05-23', 46, 1, '4', '3'),
(542, '2026-05-23', 46, 2, '4', '1'),
(543, '2026-05-23', 46, 3, '4', '3'),
(544, '2026-05-23', 46, 4, '3', '2'),
(545, '2026-05-23', 46, 5, '2', '1'),
(546, '2026-05-23', 46, 6, '3', '2'),
(547, '2026-05-23', 46, 7, '3', '1'),
(548, '2026-05-23', 46, 8, '2', '1'),
(549, '2026-05-23', 46, 9, '2', '1'),
(550, '2026-05-23', 46, 10, '2', '1'),
(551, '2026-05-23', 46, 11, '2', '1'),
(552, '2026-05-23', 46, 12, '4', '2'),
(553, '2026-05-24', 47, 1, '4', '1'),
(554, '2026-05-24', 47, 2, '4', '2'),
(555, '2026-05-24', 47, 3, '4', '1'),
(556, '2026-05-24', 47, 4, '4', '2'),
(557, '2026-05-24', 47, 5, '4', '3'),
(558, '2026-05-24', 47, 6, '3', '2'),
(559, '2026-05-24', 47, 7, '3', '2'),
(560, '2026-05-24', 47, 8, '3', '2'),
(561, '2026-05-24', 47, 9, '4', '1'),
(562, '2026-05-24', 47, 10, '4', '1'),
(563, '2026-05-24', 47, 11, '4', '1'),
(564, '2026-05-24', 47, 12, '4', '1'),
(565, '2026-05-24', 48, 1, '3', '1'),
(566, '2026-05-24', 48, 2, '2', '1'),
(567, '2026-05-24', 48, 3, '3', '1'),
(568, '2026-05-24', 48, 4, '3', '1'),
(569, '2026-05-24', 48, 5, '3', '2'),
(570, '2026-05-24', 48, 6, '4', '1'),
(571, '2026-05-24', 48, 7, '4', '1'),
(572, '2026-05-24', 48, 8, '3', '2'),
(573, '2026-05-24', 48, 9, '3', '2'),
(574, '2026-05-24', 48, 10, '3', '2'),
(575, '2026-05-24', 48, 11, '3', '2'),
(576, '2026-05-24', 48, 12, '4', '1'),
(577, '2026-05-25', 49, 1, '4', '1'),
(578, '2026-05-25', 49, 2, '4', '4'),
(579, '2026-05-25', 49, 3, '3', '1'),
(580, '2026-05-25', 49, 4, '4', '2'),
(581, '2026-05-25', 49, 5, '3', '2'),
(582, '2026-05-25', 49, 6, '3', '2'),
(583, '2026-05-25', 49, 7, '3', '2'),
(584, '2026-05-25', 49, 8, '3', '1'),
(585, '2026-05-25', 49, 9, '4', '1'),
(586, '2026-05-25', 49, 10, '4', '1'),
(587, '2026-05-25', 49, 11, '4', '1'),
(588, '2026-05-25', 49, 12, '4', '1'),
(589, '2026-05-25', 50, 1, '3', '1'),
(590, '2026-05-25', 50, 2, '3', '2'),
(591, '2026-05-25', 50, 3, '3', '1'),
(592, '2026-05-25', 50, 4, '1', '2'),
(593, '2026-05-25', 50, 5, '2', '2'),
(594, '2026-05-25', 50, 6, '1', '2'),
(595, '2026-05-25', 50, 7, '1', '1'),
(596, '2026-05-25', 50, 8, '2', '1'),
(597, '2026-05-25', 50, 9, '2', '1'),
(598, '2026-05-25', 50, 10, '2', '1'),
(599, '2026-05-25', 50, 11, '2', '2'),
(600, '2026-05-25', 50, 12, '3', '1'),
(601, '2026-05-26', 51, 1, '3', '1'),
(602, '2026-05-26', 51, 2, '3', '1'),
(603, '2026-05-26', 51, 3, '4', '1'),
(604, '2026-05-26', 51, 4, '4', '2'),
(605, '2026-05-26', 51, 5, '4', '1'),
(606, '2026-05-26', 51, 6, '3', '2'),
(607, '2026-05-26', 51, 7, '3', '2'),
(608, '2026-05-26', 51, 8, '2', '2'),
(609, '2026-05-26', 51, 9, '4', '1'),
(610, '2026-05-26', 51, 10, '4', '1'),
(611, '2026-05-26', 51, 11, '4', '1'),
(612, '2026-05-26', 51, 12, '3', '3'),
(613, '2026-05-26', 52, 1, '3', '3'),
(614, '2026-05-26', 52, 2, '1', '1'),
(615, '2026-05-26', 52, 3, '3', '3'),
(616, '2026-05-26', 52, 4, '3', '2'),
(617, '2026-05-26', 52, 5, '2', '2'),
(618, '2026-05-26', 52, 6, '1', '2'),
(619, '2026-05-26', 52, 7, '3', '3'),
(620, '2026-05-26', 52, 8, '4', '2'),
(621, '2026-05-26', 52, 9, '3', '2'),
(622, '2026-05-26', 52, 10, '3', '2'),
(623, '2026-05-26', 52, 11, '3', '2'),
(624, '2026-05-26', 52, 12, '4', '4'),
(625, '2026-05-27', 53, 1, '4', '4'),
(626, '2026-05-27', 53, 2, '3', '1'),
(627, '2026-05-27', 53, 3, '3', '2'),
(628, '2026-05-27', 53, 4, '4', '1'),
(629, '2026-05-27', 53, 5, '3', '3'),
(630, '2026-05-27', 53, 6, '3', '3'),
(631, '2026-05-27', 53, 7, '3', '1'),
(632, '2026-05-27', 53, 8, '3', '1'),
(633, '2026-05-27', 53, 9, '4', '1'),
(634, '2026-05-27', 53, 10, '4', '1'),
(635, '2026-05-27', 53, 11, '4', '2'),
(636, '2026-05-27', 53, 12, '4', '1'),
(637, '2026-05-27', 54, 1, '3', '4'),
(638, '2026-05-27', 54, 2, '2', '2'),
(639, '2026-05-27', 54, 3, '3', '2'),
(640, '2026-05-27', 54, 4, '2', '3'),
(641, '2026-05-27', 54, 5, '2', '2'),
(642, '2026-05-27', 54, 6, '3', '1'),
(643, '2026-05-27', 54, 7, '3', '1'),
(644, '2026-05-27', 54, 8, '2', '1'),
(645, '2026-05-27', 54, 9, '4', '1'),
(646, '2026-05-27', 54, 10, '3', '2'),
(647, '2026-05-27', 54, 11, '3', '3'),
(648, '2026-05-27', 54, 12, '4', '1'),
(649, '2026-05-28', 55, 1, '3', '1'),
(650, '2026-05-28', 55, 2, '4', '2'),
(651, '2026-05-28', 55, 3, '4', '1'),
(652, '2026-05-28', 55, 4, '3', '3'),
(653, '2026-05-28', 55, 5, '4', '1'),
(654, '2026-05-28', 55, 6, '3', '3'),
(655, '2026-05-28', 55, 7, '3', '1'),
(656, '2026-05-28', 55, 8, '3', '1'),
(657, '2026-05-28', 55, 9, '4', '4'),
(658, '2026-05-28', 55, 10, '4', '1'),
(659, '2026-05-28', 55, 11, '4', '1'),
(660, '2026-05-28', 55, 12, '4', '4'),
(661, '2026-05-28', 56, 1, '2', '3'),
(662, '2026-05-28', 56, 2, '2', '2'),
(663, '2026-05-28', 56, 3, '3', '1'),
(664, '2026-05-28', 56, 4, '4', '1'),
(665, '2026-05-28', 56, 5, '2', '2'),
(666, '2026-05-28', 56, 6, '3', '1'),
(667, '2026-05-28', 56, 7, '3', '2'),
(668, '2026-05-28', 56, 8, '2', '2'),
(669, '2026-05-28', 56, 9, '2', '2'),
(670, '2026-05-28', 56, 10, '2', '2'),
(671, '2026-05-28', 56, 11, '2', '2'),
(672, '2026-05-28', 56, 12, '4', '1'),
(673, '2026-05-29', 57, 1, '3', '1'),
(674, '2026-05-29', 57, 2, '4', '4'),
(675, '2026-05-29', 57, 3, '4', '3'),
(676, '2026-05-29', 57, 4, '4', '4'),
(677, '2026-05-29', 57, 5, '3', '1'),
(678, '2026-05-29', 57, 6, '3', '2'),
(679, '2026-05-29', 57, 7, '3', '2'),
(680, '2026-05-29', 57, 8, '3', '1'),
(681, '2026-05-29', 57, 9, '4', '1'),
(682, '2026-05-29', 57, 10, '4', '1'),
(683, '2026-05-29', 57, 11, '4', '1'),
(684, '2026-05-29', 57, 12, '4', '1'),
(685, '2026-05-29', 58, 1, '4', '3'),
(686, '2026-05-29', 58, 2, '3', '4'),
(687, '2026-05-29', 58, 3, '3', '3'),
(688, '2026-05-29', 58, 4, '2', '1'),
(689, '2026-05-29', 58, 5, '2', '2'),
(690, '2026-05-29', 58, 6, '2', '2'),
(691, '2026-05-29', 58, 7, '3', '1'),
(692, '2026-05-29', 58, 8, '3', '2'),
(693, '2026-05-29', 58, 9, '4', '2'),
(694, '2026-05-29', 58, 10, '4', '2'),
(695, '2026-05-29', 58, 11, '2', '2'),
(696, '2026-05-29', 58, 12, '4', '4'),
(697, '2026-05-30', 59, 1, '3', '2'),
(698, '2026-05-30', 59, 2, '4', '1'),
(699, '2026-05-30', 59, 3, '4', '2'),
(700, '2026-05-30', 59, 4, '4', '2'),
(701, '2026-05-30', 59, 5, '4', '1'),
(702, '2026-05-30', 59, 6, '3', '2'),
(703, '2026-05-30', 59, 7, '3', '2'),
(704, '2026-05-30', 59, 8, '3', '2'),
(705, '2026-05-30', 59, 9, '4', '1'),
(706, '2026-05-30', 59, 10, '3', '1'),
(707, '2026-05-30', 59, 11, '4', '4'),
(708, '2026-05-30', 59, 12, '3', '4'),
(709, '2026-05-30', 60, 1, '1', '4'),
(710, '2026-05-30', 60, 2, '4', '1'),
(711, '2026-05-30', 60, 3, '3', '3'),
(712, '2026-05-30', 60, 4, '4', '4'),
(713, '2026-05-30', 60, 5, '2', '2'),
(714, '2026-05-30', 60, 6, '4', '2'),
(715, '2026-05-30', 60, 7, '2', '2'),
(716, '2026-05-30', 60, 8, '4', '2'),
(717, '2026-05-30', 60, 9, '2', '2'),
(718, '2026-05-30', 60, 10, '4', '2'),
(719, '2026-05-30', 60, 11, '4', '3'),
(720, '2026-05-30', 60, 12, '4', '4'),
(721, '2026-05-31', 61, 1, '4', '1'),
(722, '2026-05-31', 61, 2, '3', '1'),
(723, '2026-05-31', 61, 3, '4', '2'),
(724, '2026-05-31', 61, 4, '4', '2'),
(725, '2026-05-31', 61, 5, '3', '1'),
(726, '2026-05-31', 61, 6, '3', '2'),
(727, '2026-05-31', 61, 7, '3', '2'),
(728, '2026-05-31', 61, 8, '3', '2'),
(729, '2026-05-31', 61, 9, '4', '2'),
(730, '2026-05-31', 61, 10, '3', '3'),
(731, '2026-05-31', 61, 11, '3', '3'),
(732, '2026-05-31', 61, 12, '2', '2'),
(733, '2026-05-31', 62, 1, '2', '4'),
(734, '2026-05-31', 62, 2, '2', '1'),
(735, '2026-05-31', 62, 3, '3', '1'),
(736, '2026-05-31', 62, 4, '1', '2'),
(737, '2026-05-31', 62, 5, '2', '3'),
(738, '2026-05-31', 62, 6, '3', '1'),
(739, '2026-05-31', 62, 7, '1', '1'),
(740, '2026-05-31', 62, 8, '2', '2'),
(741, '2026-05-31', 62, 9, '1', '1'),
(742, '2026-05-31', 62, 10, '2', '2'),
(743, '2026-05-31', 62, 11, '2', '2'),
(744, '2026-05-31', 62, 12, '4', '3'),
(745, '2026-05-01', 63, 1, '4', '4'),
(746, '2026-05-01', 63, 2, '4', '2'),
(747, '2026-05-01', 63, 3, '4', '4'),
(748, '2026-05-01', 63, 4, '4', '4'),
(749, '2026-05-01', 63, 5, '4', '2'),
(750, '2026-05-01', 63, 6, '3', '3'),
(751, '2026-05-01', 63, 7, '3', '3'),
(752, '2026-05-01', 63, 8, '3', '3'),
(753, '2026-05-01', 63, 9, '4', '3'),
(754, '2026-05-01', 63, 10, '3', '4'),
(755, '2026-05-01', 63, 11, '4', '4'),
(756, '2026-05-01', 63, 12, '4', '4'),
(757, '2026-05-01', 64, 1, '2', '4'),
(758, '2026-05-01', 64, 2, '1', '1'),
(759, '2026-05-01', 64, 3, '3', '3'),
(760, '2026-05-01', 64, 4, '2', '2'),
(761, '2026-05-01', 64, 5, '4', '1'),
(762, '2026-05-01', 64, 6, '4', '3'),
(763, '2026-05-01', 64, 7, '4', '1'),
(764, '2026-05-01', 64, 8, '4', '2'),
(765, '2026-05-01', 64, 9, '2', '2'),
(766, '2026-05-01', 64, 10, '2', '2'),
(767, '2026-05-01', 64, 11, '3', '2'),
(768, '2026-05-01', 64, 12, '4', '4'),
(769, '2026-05-02', 65, 1, '4', '4'),
(770, '2026-05-02', 65, 2, '3', '1'),
(771, '2026-05-02', 65, 3, '4', '2'),
(772, '2026-05-02', 65, 4, '4', '1'),
(773, '2026-05-02', 65, 5, '3', '4'),
(774, '2026-05-02', 65, 6, '4', '3'),
(775, '2026-05-02', 65, 7, '4', '3'),
(776, '2026-05-02', 65, 8, '3', '3'),
(777, '2026-05-02', 65, 9, '4', '4'),
(778, '2026-05-02', 65, 10, '3', '4'),
(779, '2026-05-02', 65, 11, '3', '4'),
(780, '2026-05-02', 65, 12, '4', '4'),
(781, '2026-05-02', 66, 1, '3', '4'),
(782, '2026-05-02', 66, 2, '2', '2'),
(783, '2026-05-02', 66, 3, '4', '3'),
(784, '2026-05-02', 66, 4, '4', '2'),
(785, '2026-05-02', 66, 5, '3', '2'),
(786, '2026-05-02', 66, 6, '3', '1'),
(787, '2026-05-02', 66, 7, '2', '3'),
(788, '2026-05-02', 66, 8, '2', '2'),
(789, '2026-05-02', 66, 9, '4', '2'),
(790, '2026-05-02', 66, 10, '2', '2'),
(791, '2026-05-02', 66, 11, '2', '2'),
(792, '2026-05-02', 66, 12, '4', '4'),
(793, '2026-05-03', 67, 1, '4', '3'),
(794, '2026-05-03', 67, 2, '2', '4'),
(795, '2026-05-03', 67, 3, '4', '3'),
(796, '2026-05-03', 67, 4, '4', '4'),
(797, '2026-05-03', 67, 5, '2', '2'),
(798, '2026-05-03', 67, 6, '3', '1'),
(799, '2026-05-03', 67, 7, '3', '2'),
(800, '2026-05-03', 67, 8, '3', '1'),
(801, '2026-05-03', 67, 9, '3', '2'),
(802, '2026-05-03', 67, 10, '4', '4'),
(803, '2026-05-03', 67, 11, '4', '4'),
(804, '2026-05-03', 67, 12, '4', '3'),
(805, '2026-05-03', 68, 1, '3', '2'),
(806, '2026-05-03', 68, 2, '1', '3'),
(807, '2026-05-03', 68, 3, '3', '3'),
(808, '2026-05-03', 68, 4, '2', '2'),
(809, '2026-05-03', 68, 5, '4', '2'),
(810, '2026-05-03', 68, 6, '2', '2'),
(811, '2026-05-03', 68, 7, '4', '1'),
(812, '2026-05-03', 68, 8, '2', '2'),
(813, '2026-05-03', 68, 9, '4', '3'),
(814, '2026-05-03', 68, 10, '2', '2'),
(815, '2026-05-03', 68, 11, '2', '2'),
(816, '2026-05-03', 68, 12, '1', '2'),
(817, '2026-05-04', 69, 1, '4', '3'),
(818, '2026-05-04', 69, 2, '4', '3'),
(819, '2026-05-04', 69, 3, '4', '4'),
(820, '2026-05-04', 69, 4, '4', '4'),
(821, '2026-05-04', 69, 5, '4', '3'),
(822, '2026-05-04', 69, 6, '3', '3'),
(823, '2026-05-04', 69, 7, '3', '3'),
(824, '2026-05-04', 69, 8, '3', '2'),
(825, '2026-05-04', 69, 9, '4', '4'),
(826, '2026-05-04', 69, 10, '4', '4'),
(827, '2026-05-04', 69, 11, '4', '4'),
(828, '2026-05-04', 69, 12, '3', '3'),
(829, '2026-05-04', 70, 1, '2', '2'),
(830, '2026-05-04', 70, 2, '2', '1'),
(831, '2026-05-04', 70, 3, '3', '3'),
(832, '2026-05-04', 70, 4, '2', '2'),
(833, '2026-05-04', 70, 5, '2', '2'),
(834, '2026-05-04', 70, 6, '4', '2'),
(835, '2026-05-04', 70, 7, '4', '3'),
(836, '2026-05-04', 70, 8, '2', '2'),
(837, '2026-05-04', 70, 9, '4', '2'),
(838, '2026-05-04', 70, 10, '4', '2'),
(839, '2026-05-04', 70, 11, '2', '3'),
(840, '2026-05-04', 70, 12, '1', '3'),
(841, '2026-05-05', 71, 1, '3', '4'),
(842, '2026-05-05', 71, 2, '4', '1'),
(843, '2026-05-05', 71, 3, '3', '2'),
(844, '2026-05-05', 71, 4, '4', '1'),
(845, '2026-05-05', 71, 5, '4', '1'),
(846, '2026-05-05', 71, 6, '3', '3'),
(847, '2026-05-05', 71, 7, '3', '1'),
(848, '2026-05-05', 71, 8, '3', '1'),
(849, '2026-05-05', 71, 9, '4', '1'),
(850, '2026-05-05', 71, 10, '4', '1'),
(851, '2026-05-05', 71, 11, '4', '1'),
(852, '2026-05-05', 71, 12, '4', '1'),
(853, '2026-05-05', 72, 1, '3', '2'),
(854, '2026-05-05', 72, 2, '3', '2'),
(855, '2026-05-05', 72, 3, '3', '2'),
(856, '2026-05-05', 72, 4, '2', '3'),
(857, '2026-05-05', 72, 5, '2', '2'),
(858, '2026-05-05', 72, 6, '2', '1'),
(859, '2026-05-05', 72, 7, '1', '2'),
(860, '2026-05-05', 72, 8, '4', '2'),
(861, '2026-05-05', 72, 9, '4', '2'),
(862, '2026-05-05', 72, 10, '4', '2'),
(863, '2026-05-05', 72, 11, '4', '3'),
(864, '2026-05-05', 72, 12, '4', '4'),
(865, '2026-05-06', 73, 1, '3', '1'),
(866, '2026-05-06', 73, 2, '3', '1'),
(867, '2026-05-06', 73, 3, '4', '3'),
(868, '2026-05-06', 73, 4, '4', '2'),
(869, '2026-05-06', 73, 5, '3', '1'),
(870, '2026-05-06', 73, 6, '3', '2'),
(871, '2026-05-06', 73, 7, '3', '2'),
(872, '2026-05-06', 73, 8, '2', '2'),
(873, '2026-05-06', 73, 9, '4', '1'),
(874, '2026-05-06', 73, 10, '4', '4'),
(875, '2026-05-06', 73, 11, '4', '1'),
(876, '2026-05-06', 73, 12, '4', '1'),
(877, '2026-05-06', 74, 1, '3', '3'),
(878, '2026-05-06', 74, 2, '1', '4'),
(879, '2026-05-06', 74, 3, '3', '3'),
(880, '2026-05-06', 74, 4, '4', '1'),
(881, '2026-05-06', 74, 5, '3', '2'),
(882, '2026-05-06', 74, 6, '3', '2'),
(883, '2026-05-06', 74, 7, '3', '1'),
(884, '2026-05-06', 74, 8, '4', '2'),
(885, '2026-05-06', 74, 9, '4', '2'),
(886, '2026-05-06', 74, 10, '4', '2'),
(887, '2026-05-06', 74, 11, '3', '2'),
(888, '2026-05-06', 74, 12, '4', '4'),
(889, '2026-05-07', 75, 1, '4', '4'),
(890, '2026-05-07', 75, 2, '3', '2'),
(891, '2026-05-07', 75, 3, '3', '1'),
(892, '2026-05-07', 75, 4, '4', '2'),
(893, '2026-05-07', 75, 5, '3', '2'),
(894, '2026-05-07', 75, 6, '3', '1'),
(895, '2026-05-07', 75, 7, '3', '1'),
(896, '2026-05-07', 75, 8, '3', '1'),
(897, '2026-05-07', 75, 9, '4', '1'),
(898, '2026-05-07', 75, 10, '4', '2'),
(899, '2026-05-07', 75, 11, '4', '4'),
(900, '2026-05-07', 75, 12, '4', '4'),
(901, '2026-05-07', 76, 1, '4', '1'),
(902, '2026-05-07', 76, 2, '2', '1'),
(903, '2026-05-07', 76, 3, '2', '2'),
(904, '2026-05-07', 76, 4, '3', '4'),
(905, '2026-05-07', 76, 5, '2', '1'),
(906, '2026-05-07', 76, 6, '1', '1'),
(907, '2026-05-07', 76, 7, '4', '1'),
(908, '2026-05-07', 76, 8, '4', '1'),
(909, '2026-05-07', 76, 9, '3', '2'),
(910, '2026-05-07', 76, 10, '3', '2'),
(911, '2026-05-07', 76, 11, '3', '3'),
(912, '2026-05-07', 76, 12, '4', '4'),
(913, '2026-05-08', 77, 1, '4', '4'),
(914, '2026-05-08', 77, 2, '4', '3'),
(915, '2026-05-08', 77, 3, '4', '2'),
(916, '2026-05-08', 77, 4, '3', '2'),
(917, '2026-05-08', 77, 5, '4', '2'),
(918, '2026-05-08', 77, 6, '3', '2'),
(919, '2026-05-08', 77, 7, '3', '2'),
(920, '2026-05-08', 77, 8, '3', '1'),
(921, '2026-05-08', 77, 9, '4', '2'),
(922, '2026-05-08', 77, 10, '4', '1'),
(923, '2026-05-08', 77, 11, '4', '1'),
(924, '2026-05-08', 77, 12, '1', '1'),
(925, '2026-05-08', 78, 1, '3', '1'),
(926, '2026-05-08', 78, 2, '2', '2'),
(927, '2026-05-08', 78, 3, '3', '1'),
(928, '2026-05-08', 78, 4, '1', '2'),
(929, '2026-05-08', 78, 5, '2', '1'),
(930, '2026-05-08', 78, 6, '1', '1'),
(931, '2026-05-08', 78, 7, '2', '1'),
(932, '2026-05-08', 78, 8, '2', '1'),
(933, '2026-05-08', 78, 9, '3', '1'),
(934, '2026-05-08', 78, 10, '3', '2'),
(935, '2026-05-08', 78, 11, '3', '2'),
(936, '2026-05-08', 78, 12, '2', '2'),
(937, '2026-05-09', 79, 1, '4', '4'),
(938, '2026-05-09', 79, 2, '4', '2'),
(939, '2026-05-09', 79, 3, '3', '1'),
(940, '2026-05-09', 79, 4, '4', '1'),
(941, '2026-05-09', 79, 5, '3', '2'),
(942, '2026-05-09', 79, 6, '3', '1'),
(943, '2026-05-09', 79, 7, '3', '1'),
(944, '2026-05-09', 79, 8, '3', '3'),
(945, '2026-05-09', 79, 9, '4', '2'),
(946, '2026-05-09', 79, 10, '4', '2'),
(947, '2026-05-09', 79, 11, '4', '2'),
(948, '2026-05-09', 79, 12, '3', '1'),
(949, '2026-05-09', 80, 1, '3', '1'),
(950, '2026-05-09', 80, 2, '4', '1'),
(951, '2026-05-09', 80, 3, '3', '1'),
(952, '2026-05-09', 80, 4, '1', '2'),
(953, '2026-05-09', 80, 5, '2', '1'),
(954, '2026-05-09', 80, 6, '2', '2'),
(955, '2026-05-09', 80, 7, '1', '1'),
(956, '2026-05-09', 80, 8, '2', '2'),
(957, '2026-05-09', 80, 9, '2', '1'),
(958, '2026-05-09', 80, 10, '2', '1'),
(959, '2026-05-09', 80, 11, '2', '1'),
(960, '2026-05-09', 80, 12, '4', '2'),
(961, '2026-05-10', 81, 1, '4', '2'),
(962, '2026-05-10', 81, 2, '4', '1'),
(963, '2026-05-10', 81, 3, '4', '2'),
(964, '2026-05-10', 81, 4, '4', '2'),
(965, '2026-05-10', 81, 5, '4', '2'),
(966, '2026-05-10', 81, 6, '3', '1'),
(967, '2026-05-10', 81, 7, '3', '1'),
(968, '2026-05-10', 81, 8, '3', '2'),
(969, '2026-05-10', 81, 9, '4', '2'),
(970, '2026-05-10', 81, 10, '3', '2'),
(971, '2026-05-10', 81, 11, '4', '2'),
(972, '2026-05-10', 81, 12, '3', '3'),
(973, '2026-05-10', 82, 1, '4', '1'),
(974, '2026-05-10', 82, 2, '1', '2'),
(975, '2026-05-10', 82, 3, '3', '2'),
(976, '2026-05-10', 82, 4, '4', '2'),
(977, '2026-05-10', 82, 5, '2', '1'),
(978, '2026-05-10', 82, 6, '3', '2'),
(979, '2026-05-10', 82, 7, '3', '1'),
(980, '2026-05-10', 82, 8, '3', '1'),
(981, '2026-05-10', 82, 9, '2', '2'),
(982, '2026-05-10', 82, 10, '2', '2'),
(983, '2026-05-10', 82, 11, '3', '2'),
(984, '2026-05-10', 82, 12, '4', '1'),
(985, '2026-05-11', 83, 1, '4', '3'),
(986, '2026-05-11', 83, 2, '3', '1'),
(987, '2026-05-11', 83, 3, '4', '3'),
(988, '2026-05-11', 83, 4, '4', '2'),
(989, '2026-05-11', 83, 5, '3', '2'),
(990, '2026-05-11', 83, 6, '3', '1'),
(991, '2026-05-11', 83, 7, '3', '3'),
(992, '2026-05-11', 83, 8, '3', '1'),
(993, '2026-05-11', 83, 9, '4', '1'),
(994, '2026-05-11', 83, 10, '3', '1'),
(995, '2026-05-11', 83, 11, '3', '2'),
(996, '2026-05-11', 83, 12, '4', '2'),
(997, '2026-05-11', 84, 1, '4', '2'),
(998, '2026-05-11', 84, 2, '2', '3'),
(999, '2026-05-11', 84, 3, '3', '1'),
(1000, '2026-05-11', 84, 4, '2', '1'),
(1001, '2026-05-11', 84, 5, '3', '1'),
(1002, '2026-05-11', 84, 6, '3', '2'),
(1003, '2026-05-11', 84, 7, '1', '1'),
(1004, '2026-05-11', 84, 8, '2', '2'),
(1005, '2026-05-11', 84, 9, '1', '1'),
(1006, '2026-05-11', 84, 10, '2', '2'),
(1007, '2026-05-11', 84, 11, '2', '2'),
(1008, '2026-05-11', 84, 12, '4', '1'),
(1009, '2026-05-12', 85, 1, '4', '1'),
(1010, '2026-05-12', 85, 2, '2', '1'),
(1011, '2026-05-12', 85, 3, '2', '2'),
(1012, '2026-05-12', 85, 4, '1', '1'),
(1013, '2026-05-12', 85, 5, '2', '1'),
(1014, '2026-05-12', 85, 6, '1', '1'),
(1015, '2026-05-12', 85, 7, '3', '1'),
(1016, '2026-05-12', 85, 8, '1', '2'),
(1017, '2026-05-12', 85, 9, '1', '1'),
(1018, '2026-05-12', 85, 10, '1', '1'),
(1019, '2026-05-12', 85, 11, '4', '1'),
(1020, '2026-05-12', 85, 12, '4', '1'),
(1021, '2026-05-12', 86, 1, '4', '2'),
(1022, '2026-05-12', 86, 2, '1', '1'),
(1023, '2026-05-12', 86, 3, '3', '3'),
(1024, '2026-05-12', 86, 4, '2', '1'),
(1025, '2026-05-12', 86, 5, '3', '1'),
(1026, '2026-05-12', 86, 6, '3', '1'),
(1027, '2026-05-12', 86, 7, '3', '3'),
(1028, '2026-05-12', 86, 8, '4', '2'),
(1029, '2026-05-12', 86, 9, '4', '1'),
(1030, '2026-05-12', 86, 10, '4', '2'),
(1031, '2026-05-12', 86, 11, '4', '1'),
(1032, '2026-05-12', 86, 12, '4', '2'),
(1033, '2026-05-13', 87, 1, '4', '4'),
(1034, '2026-05-13', 87, 2, '4', '1'),
(1035, '2026-05-13', 87, 3, '4', '1'),
(1036, '2026-05-13', 87, 4, '4', '1'),
(1037, '2026-05-13', 87, 5, '4', '2'),
(1038, '2026-05-13', 87, 6, '3', '1'),
(1039, '2026-05-13', 87, 7, '3', '2'),
(1040, '2026-05-13', 87, 8, '3', '3'),
(1041, '2026-05-13', 87, 9, '4', '2'),
(1042, '2026-05-13', 87, 10, '4', '2'),
(1043, '2026-05-13', 87, 11, '4', '2'),
(1044, '2026-05-13', 87, 12, '4', '2'),
(1045, '2026-05-13', 88, 1, '4', '2'),
(1046, '2026-05-13', 88, 2, '2', '2'),
(1047, '2026-05-13', 88, 3, '3', '2'),
(1048, '2026-05-13', 88, 4, '2', '3'),
(1049, '2026-05-13', 88, 5, '3', '2'),
(1050, '2026-05-13', 88, 6, '3', '1'),
(1051, '2026-05-13', 88, 7, '4', '2'),
(1052, '2026-05-13', 88, 8, '4', '2'),
(1053, '2026-05-13', 88, 9, '2', '1'),
(1054, '2026-05-13', 88, 10, '4', '1'),
(1055, '2026-05-13', 88, 11, '4', '1'),
(1056, '2026-05-13', 88, 12, '4', '2'),
(1057, '2026-05-14', 89, 1, '3', '1'),
(1058, '2026-05-14', 89, 2, '4', '2'),
(1059, '2026-05-14', 89, 3, '3', '1'),
(1060, '2026-05-14', 89, 4, '4', '2'),
(1061, '2026-05-14', 89, 5, '4', '1'),
(1062, '2026-05-14', 89, 6, '3', '2'),
(1063, '2026-05-14', 89, 7, '3', '1'),
(1064, '2026-05-14', 89, 8, '3', '2'),
(1065, '2026-05-14', 89, 9, '4', '2'),
(1066, '2026-05-14', 89, 10, '4', '2'),
(1067, '2026-05-14', 89, 11, '4', '2'),
(1068, '2026-05-14', 89, 12, '4', '2'),
(1069, '2026-05-14', 90, 1, '2', '2'),
(1070, '2026-05-14', 90, 2, '3', '1'),
(1071, '2026-05-14', 90, 3, '3', '3'),
(1072, '2026-05-14', 90, 4, '2', '1'),
(1073, '2026-05-14', 90, 5, '2', '1'),
(1074, '2026-05-14', 90, 6, '2', '1'),
(1075, '2026-05-14', 90, 7, '1', '1'),
(1076, '2026-05-14', 90, 8, '2', '1'),
(1077, '2026-05-14', 90, 9, '3', '1'),
(1078, '2026-05-14', 90, 10, '2', '1'),
(1079, '2026-05-14', 90, 11, '2', '1'),
(1080, '2026-05-14', 90, 12, '3', '2'),
(1081, '2026-05-15', 91, 1, '3', '4'),
(1082, '2026-05-15', 91, 2, '3', '4'),
(1083, '2026-05-15', 91, 3, '4', '1'),
(1084, '2026-05-15', 91, 4, '4', '1'),
(1085, '2026-05-15', 91, 5, '3', '2'),
(1086, '2026-05-15', 91, 6, '3', '2'),
(1087, '2026-05-15', 91, 7, '3', '2'),
(1088, '2026-05-15', 91, 8, '2', '1'),
(1089, '2026-05-15', 91, 9, '4', '2'),
(1090, '2026-05-15', 91, 10, '4', '2'),
(1091, '2026-05-15', 91, 11, '4', '2'),
(1092, '2026-05-15', 91, 12, '4', '2'),
(1093, '2026-05-15', 92, 1, '2', '2'),
(1094, '2026-05-15', 92, 2, '1', '4'),
(1095, '2026-05-15', 92, 3, '3', '3'),
(1096, '2026-05-15', 92, 4, '2', '1'),
(1097, '2026-05-15', 92, 5, '2', '2'),
(1098, '2026-05-15', 92, 6, '2', '2'),
(1099, '2026-05-15', 92, 7, '3', '1'),
(1100, '2026-05-15', 92, 8, '2', '2'),
(1101, '2026-05-15', 92, 9, '2', '2'),
(1102, '2026-05-15', 92, 10, '2', '2'),
(1103, '2026-05-15', 92, 11, '3', '2'),
(1104, '2026-05-15', 92, 12, '4', '4'),
(1105, '2026-05-16', 93, 1, '4', '3'),
(1106, '2026-05-16', 93, 2, '3', '2'),
(1107, '2026-05-16', 93, 3, '3', '1'),
(1108, '2026-05-16', 93, 4, '4', '1'),
(1109, '2026-05-16', 93, 5, '3', '1'),
(1110, '2026-05-16', 93, 6, '3', '2'),
(1111, '2026-05-16', 93, 7, '3', '1'),
(1112, '2026-05-16', 93, 8, '3', '2'),
(1113, '2026-05-16', 93, 9, '4', '2'),
(1114, '2026-05-16', 93, 10, '4', '2'),
(1115, '2026-05-16', 93, 11, '4', '1'),
(1116, '2026-05-16', 93, 12, '4', '1'),
(1117, '2026-05-16', 94, 1, '3', '2'),
(1118, '2026-05-16', 94, 2, '4', '1'),
(1119, '2026-05-16', 94, 3, '2', '3'),
(1120, '2026-05-16', 94, 4, '4', '2'),
(1121, '2026-05-16', 94, 5, '3', '2'),
(1122, '2026-05-16', 94, 6, '2', '2'),
(1123, '2026-05-16', 94, 7, '4', '3'),
(1124, '2026-05-16', 94, 8, '4', '1'),
(1125, '2026-05-16', 94, 9, '4', '1'),
(1126, '2026-05-16', 94, 10, '3', '1'),
(1127, '2026-05-16', 94, 11, '4', '2'),
(1128, '2026-05-16', 94, 12, '4', '1'),
(1129, '2026-05-17', 95, 1, '4', '4'),
(1130, '2026-05-17', 95, 2, '4', '1'),
(1131, '2026-05-17', 95, 3, '4', '1'),
(1132, '2026-05-17', 95, 4, '3', '1'),
(1133, '2026-05-17', 95, 5, '4', '2'),
(1134, '2026-05-17', 95, 6, '3', '1'),
(1135, '2026-05-17', 95, 7, '3', '2'),
(1136, '2026-05-17', 95, 8, '3', '2'),
(1137, '2026-05-17', 95, 9, '4', '2'),
(1138, '2026-05-17', 95, 10, '4', '2'),
(1139, '2026-05-17', 95, 11, '4', '2'),
(1140, '2026-05-17', 95, 12, '4', '1'),
(1141, '2026-05-17', 96, 1, '2', '2'),
(1142, '2026-05-17', 96, 2, '2', '2'),
(1143, '2026-05-17', 96, 3, '3', '1'),
(1144, '2026-05-17', 96, 4, '1', '1'),
(1145, '2026-05-17', 96, 5, '2', '1'),
(1146, '2026-05-17', 96, 6, '3', '1'),
(1147, '2026-05-17', 96, 7, '4', '1'),
(1148, '2026-05-17', 96, 8, '3', '2'),
(1149, '2026-05-17', 96, 9, '3', '2'),
(1150, '2026-05-17', 96, 10, '3', '2'),
(1151, '2026-05-17', 96, 11, '3', '2'),
(1152, '2026-05-17', 96, 12, '4', '4'),
(1153, '2026-05-18', 97, 1, '4', '4'),
(1154, '2026-05-18', 97, 2, '4', '1'),
(1155, '2026-05-18', 97, 3, '3', '1'),
(1156, '2026-05-18', 97, 4, '4', '2'),
(1157, '2026-05-18', 97, 5, '3', '1'),
(1158, '2026-05-18', 97, 6, '3', '1'),
(1159, '2026-05-18', 97, 7, '3', '2'),
(1160, '2026-05-18', 97, 8, '3', '1'),
(1161, '2026-05-18', 97, 9, '4', '1'),
(1162, '2026-05-18', 97, 10, '4', '1'),
(1163, '2026-05-18', 97, 11, '4', '1'),
(1164, '2026-05-18', 97, 12, '4', '4'),
(1165, '2026-05-18', 98, 1, '2', '2'),
(1166, '2026-05-18', 98, 2, '4', '2'),
(1167, '2026-05-18', 98, 3, '3', '3'),
(1168, '2026-05-18', 98, 4, '1', '1'),
(1169, '2026-05-18', 98, 5, '2', '2'),
(1170, '2026-05-18', 98, 6, '2', '1'),
(1171, '2026-05-18', 98, 7, '1', '1'),
(1172, '2026-05-18', 98, 8, '3', '1'),
(1173, '2026-05-18', 98, 9, '3', '1'),
(1174, '2026-05-18', 98, 10, '4', '1'),
(1175, '2026-05-18', 98, 11, '4', '1'),
(1176, '2026-05-18', 98, 12, '4', '2'),
(1177, '2026-05-19', 99, 1, '3', '2'),
(1178, '2026-05-19', 99, 2, '3', '2'),
(1179, '2026-05-19', 99, 3, '4', '1'),
(1180, '2026-05-19', 99, 4, '4', '1'),
(1181, '2026-05-19', 99, 5, '3', '3'),
(1182, '2026-05-19', 99, 6, '3', '2'),
(1183, '2026-05-19', 99, 7, '3', '2'),
(1184, '2026-05-19', 99, 8, '2', '1'),
(1185, '2026-05-19', 99, 9, '4', '2'),
(1186, '2026-05-19', 99, 10, '4', '1'),
(1187, '2026-05-19', 99, 11, '4', '4'),
(1188, '2026-05-19', 99, 12, '4', '1'),
(1189, '2026-05-19', 100, 1, '4', '1'),
(1190, '2026-05-19', 100, 2, '4', '2'),
(1191, '2026-05-19', 100, 3, '3', '3'),
(1192, '2026-05-19', 100, 4, '2', '1'),
(1193, '2026-05-19', 100, 5, '2', '2'),
(1194, '2026-05-19', 100, 6, '3', '2'),
(1195, '2026-05-19', 100, 7, '3', '1'),
(1196, '2026-05-19', 100, 8, '3', '2'),
(1197, '2026-05-19', 100, 9, '3', '1'),
(1198, '2026-05-19', 100, 10, '2', '2'),
(1199, '2026-05-19', 100, 11, '3', '2'),
(1200, '2026-05-19', 100, 12, '4', '4');

-- --------------------------------------------------------

--
-- Table structure for table `pernyataan`
--

CREATE TABLE `pernyataan` (
  `id_pernyataan` int NOT NULL,
  `nama_pernyataan` mediumtext COLLATE utf8mb4_general_ci NOT NULL,
  `id_dimensi` int NOT NULL
) ENGINE=InnoDB DEFAULT CHARSET=utf8mb4 COLLATE=utf8mb4_general_ci;

--
-- Dumping data for table `pernyataan`
--

INSERT INTO `pernyataan` (`id_pernyataan`, `nama_pernyataan`, `id_dimensi`) VALUES
(1, 'Tampilan aplikasi Android Koperasi Dana Arta Mandiri terlihat menarik dan mudah digunakan.', 1),
(2, 'Informasi layanan (simpanan, pinjaman, angsuran) ditampilkan dengan jelas dan mudah dipahami pada aplikasi.', 1),
(3, 'Fitur-fitur dalam aplikasi koperasi berfungsi dengan baik tanpa sering mengalami gangguan', 1),
(4, 'Petugas koperasi cepat merespons pertanyaan atau keluhan saya melalui aplikasi Android.', 2),
(5, 'Permohonan layanan (seperti pengajuan pinjaman atau informasi saldo) diproses dengan cepat melalui aplikasi.', 2),
(6, 'Aplikasi Android koperasi memberikan informasi yang akurat sesuai dengan kondisi sebenarnya.', 3),
(7, 'Layanan yang diberikan koperasi sesuai dengan yang dijanjikan melalui aplikasi', 3),
(8, 'Saya merasa aman dalam menggunakan aplikasi Android koperasi untuk melakukan transaksi keuangan', 4),
(9, 'Petugas koperasi memiliki pengetahuan yang baik dalam memberikan pelayanan kepada anggota.', 4),
(10, 'Petugas koperasi memberikan perhatian yang baik terhadap kebutuhan saya sebagai anggota', 5),
(11, 'Koperasi memberikan kemudahan layanan yang sesuai dengan kondisi dan kebutuhan anggota.', 5),
(12, 'Petugas koperasi bersikap ramah dan sopan dalam memberikan pelayanan, baik secara langsung maupun melalui aplikasi.', 5);

--
-- Indexes for table `dimensi`
--
ALTER TABLE `dimensi`
  ADD PRIMARY KEY (`id_dimensi`);

--
-- Indexes for table `keluhan`
--
ALTER TABLE `keluhan`
  ADD PRIMARY KEY (`id_keluhan`),
  ADD KEY `id_pengguna` (`id_pengguna`);

--
-- Indexes for table `kuesioner`
--
ALTER TABLE `kuesioner`
  ADD PRIMARY KEY (`id_kuesioner`),
  ADD KEY `id_pernyataan` (`id_pernyataan`),
  ADD KEY `id_pengguna` (`id_pengguna`);

--
-- Indexes for table `pernyataan`
--
ALTER TABLE `pernyataan`
  ADD PRIMARY KEY (`id_pernyataan`),
  ADD KEY `id_dimensi` (`id_dimensi`);

--
-- AUTO_INCREMENT for table `dimensi`
--
ALTER TABLE `dimensi`
  MODIFY `id_dimensi` int NOT NULL AUTO_INCREMENT, AUTO_INCREMENT=12;

--
-- AUTO_INCREMENT for table `keluhan`
--
ALTER TABLE `keluhan`
  MODIFY `id_keluhan` int NOT NULL AUTO_INCREMENT, AUTO_INCREMENT=59;

--
-- AUTO_INCREMENT for table `kuesioner`
--
ALTER TABLE `kuesioner`
  MODIFY `id_kuesioner` int NOT NULL AUTO_INCREMENT, AUTO_INCREMENT=1201;

--
-- AUTO_INCREMENT for table `pernyataan`
--
ALTER TABLE `pernyataan`
  MODIFY `id_pernyataan` int NOT NULL AUTO_INCREMENT, AUTO_INCREMENT=16;

--
-- Constraints for dumped tables
--

--
-- Constraints for table `keluhan`
--
ALTER TABLE `keluhan`
  ADD CONSTRAINT `keluhan_ibfk_1` FOREIGN KEY (`id_pengguna`) REFERENCES `pengguna` (`id_pengguna`) ON DELETE CASCADE ON UPDATE CASCADE;

--
-- Constraints for table `kuesioner`
--
ALTER TABLE `kuesioner`
  ADD CONSTRAINT `kuesioner_ibfk_1` FOREIGN KEY (`id_pernyataan`) REFERENCES `pernyataan` (`id_pernyataan`) ON DELETE CASCADE ON UPDATE CASCADE,
  ADD CONSTRAINT `kuesioner_ibfk_2` FOREIGN KEY (`id_pengguna`) REFERENCES `pengguna` (`id_pengguna`) ON DELETE CASCADE ON UPDATE CASCADE;

--
-- Constraints for table `pernyataan`
--
ALTER TABLE `pernyataan`
  ADD CONSTRAINT `pernyataan_ibfk_1` FOREIGN KEY (`id_dimensi`) REFERENCES `dimensi` (`id_dimensi`) ON DELETE CASCADE ON UPDATE CASCADE;
COMMIT;

